ose -30 = 2*j + v - 89, -3*j + v + 91 = 0. Suppose 5*m - j = -5*l, 3*l - 22 = -m - 0. Calculate the highest common divisor of 1 and l.
1
Let p = -5 + 12. Suppose -5*q = -212 - 43. Suppose -4*r = -q - 5. What is the highest common factor of r and p?
7
Suppose k + 2 = 3*k. Let m be (k - -2)/((-6)/(-28)). Let z(c) = -30*c + 4. Let f be z(-5). What is the greatest common factor of f and m?
14
Suppose 0 = 4*r - 8, 3*r = 6*h - h - 34. Suppose -3*k + 14 = -c, 5*c - h = 12. What is the greatest common divisor of k and 54?
6
Let l = 23 + -19. Suppose -o + 6*o - 120 = 0. What is the highest common factor of l and o?
4
Let p be ((-14)/5)/(1/(-5)). Suppose -5 = 2*w - 33. What is the highest common divisor of w and p?
14
Suppose 162 = 3*s - 5*l - 43, -2*s = 2*l - 126. Suppose h = -5*r - 96, 2*r - 3*h + 92 = -3*r. Let a = 45 + r. Calculate the greatest common divisor of a and s.
13
Let s = -44 - -63. What is the highest common divisor of s and 152?
19
Let q = 14 + -10. Let n be 10 - q/(-4*1). What is the greatest common divisor of 55 and n?
11
Let m(x) = x**3 - x**2 - 2*x + 8. Suppose -4*g - g = 0. Let n be m(g). Calculate the highest common factor of n and 4.
4
Let f be (-16)/(-4) + -2 + 0. Let x = 14 - f. Let n be (-24)/(-14)*(-14)/(-1). Calculate the highest common factor of x and n.
12
Suppose -u = 4*r - 88, 2*r + 2*u - 44 = -2*u. Let g = r - -3. What is the highest common divisor of g and 225?
25
Suppose -p - 23 = -2*p - c, 2*p = 5*c + 53. Calculate the greatest common divisor of p and 24.
24
Suppose -2*o + o = -16. Suppose 2*c + o = 100. What is the greatest common divisor of 7 and c?
7
Let u(j) = j**3 + 4*j**2 - 6*j + 5. Let p be u(-5). What is the highest common factor of 25 and p?
5
Let h = 389 + -223. Suppose 0 = 5*u - 4*f - h, 4*u + 7*f = 4*f + 108. Calculate the greatest common divisor of u and 45.
15
Let l = 15 + 3. Suppose 2*f = -4*p + 14, -3*f - 40 = -8*f - 5*p. Calculate the greatest common factor of f and l.
9
Let m(l) be the third derivative of 0*l + 1/24*l**4 - 3*l**2 + 0*l**3 + 0. Let s be m(3). Calculate the greatest common factor of s and 9.
3
Let b(a) = -2*a**3 - 9*a**2 + 6. Let h be b(-6). Suppose 0 = -5*u + h + 21. What is the greatest common divisor of u and 27?
27
Let l = 21 + 36. Suppose -18 = 6*w - 246. Calculate the highest common divisor of l and w.
19
Suppose -2*a + 4*h = -1138, -h = 3*a - 2131 + 424. Let v = a - 353. What is the greatest common factor of v and 27?
27
Suppose -2*c + 35 + 669 = 0. Calculate the greatest common divisor of c and 32.
32
Let a = -23 + 26. What is the highest common factor of 3 and a?
3
Let w be 0 + 0 - (-8 + -21). Let a = w + -20. What is the highest common divisor of 9 and a?
9
Suppose 9*h - 8*h = 14. What is the highest common divisor of 77 and h?
7
Let p(a) = -a**3 + a + 2. Let y be p(-2). Let l be ((-3)/4)/((-2)/y). Suppose 107 = l*h - 91. What is the greatest common divisor of 6 and h?
6
Suppose 2*n - 258 = -2*g, -4*g = -2*n + 254 - 752. Let h(f) = f**3 + 5*f**2 + 2*f + 6. Let x be h(-4). Calculate the greatest common factor of x and g.
14
Suppose 3*a - 152 = -x, -46 = a - 2*a + 2*x. What is the greatest common divisor of a and 20?
10
Let g(c) = c**3 - c**2 - c - 2. Let w be g(3). Let a = 142 - -1. What is the greatest common divisor of a and w?
13
Let d be (1 - 30/(-24))/((-3)/(-8)). What is the greatest common factor of 102 and d?
6
Suppose -4*z + 2*j = j - 172, -3*z = 4*j - 110. What is the highest common divisor of z and 21?
21
Let j(o) be the second derivative of o**4/12 + o**3/2 + 2*o**2 + o. Let u be j(-3). What is the highest common factor of 8 and u?
4
Let j = -25 + 35. Calculate the greatest common factor of j and 5.
5
Let v be (6 - (-1134)/56) + (-3)/(-4). Suppose 75 = 4*j - 3*t, 4*t - 81 = -5*j + 5. Calculate the highest common factor of j and v.
9
Suppose -p = 5*t - 13, 9 + 13 = p + 2*t. Calculate the greatest common divisor of 126 and p.
14
Suppose -12*x + 14*x = 84. Calculate the highest common divisor of 378 and x.
42
Suppose -4*r - 264 = -4*v, -5*v = -4*v + 3*r - 66. Calculate the greatest common factor of 6 and v.
6
Suppose -5 = -b, -2*b + b + 557 = 3*h. Calculate the highest common divisor of 8 and h.
8
Suppose 2*o - 2*q - 14 = 0, 2*o = -2*q - 2*q + 8. Let c(n) = -n - 58. Let y be c(0). Let l be y/(-6) - 6/9. What is the highest common divisor of l and o?
3
Let a(r) = 14*r - 25. Let p be a(6). Calculate the highest common divisor of 59 and p.
59
Suppose 3*z - 2 - 1 = 0. Let v(h) = 2*h - h**2 + h - h**2 + 3*h**2 + 3. Let r be v(-2). What is the highest common factor of r and z?
1
Let w be ((-3)/(-5))/(2 - (-78)/(-40)). What is the highest common divisor of 108 and w?
12
Suppose 0 = 7*l - 2 - 40. Let o(t) = -t**3 - 6*t**2 - 2*t + 7. Let s be o(-5). Let v be 2/s + 73/4. What is the greatest common divisor of l and v?
6
Let h = -6 + 12. Let n(m) = 8*m - 1. Let o be (-60)/(-27) - (-4)/(-18). Let a be n(o). What is the greatest common factor of h and a?
3
Let t be 6/27 + (10325/45)/7. Let o be 55*(0 - (-2)/5). What is the highest common factor of o and t?
11
Let a(o) = -24*o + 2. Let b be a(-2). Let z = 47 + b. Suppose -33 = 4*n - z. Calculate the highest common factor of n and 2.
2
Suppose 0 = -v - 2*v. Suppose -k = -2 - v. Suppose -1 = 4*c - 13. What is the greatest common divisor of k and c?
1
Let n(j) = j + 3. Let s be n(-3). Suppose s = -3*b + 5*b - 12. Let k(r) = 2*r**2 - 4*r + 8. Let h be k(b). What is the greatest common factor of h and 8?
8
Suppose 0 = o + 3*s - 28, 4*o - 5*s = 67 - 6. Let m = 23 - o. Calculate the greatest common factor of 2 and m.
2
Let s(m) = -3*m - 8. Let l be s(-4). What is the greatest common factor of 28 and l?
4
Let n(c) = -c**2 + 5*c - 1. Let m be n(2). Suppose -3*f - 16 = -4*g, 20 = g + 3*g - 4*f. Let w be 2/3*60/g. Calculate the highest common factor of w and m.
5
Let k(c) = -10*c. Let s be k(-4). Calculate the greatest common divisor of s and 80.
40
Let t be -3 - (2 - 3) - -2. Let j = t - -3. Calculate the highest common divisor of j and 6.
3
Suppose -5*t + 81 = 6. Let j = -6 - -51. What is the highest common factor of j and t?
15
Let d = -4 + 8. Suppose 0 = 2*r - 10, -g - 2*r = -d*g + 230. What is the greatest common divisor of g and 8?
8
Let m be ((1 - 33)/(-4))/(2/25). Suppose 43 = -3*n + 163. What is the highest common factor of n and m?
20
Let l(u) = 9*u**2 - 1. Let g be l(-1). Suppose -7*z + 5*s + g = -3*z, 5*z - 10 = -2*s. What is the highest common divisor of z and 5?
1
Suppose 3 = -4*m + 7. Suppose -m - 5 = -s. What is the greatest common factor of s and 24?
6
Let t be -1 - -41 - (-4)/(-2). Suppose -4*o + 3*m + 237 = 0, 0 = 2*o - 0*m - 2*m - 120. Calculate the highest common divisor of t and o.
19
Let o(k) = -k**3 - 7*k**2 - 5*k + 8. Let g be o(-6). Suppose -u + g*u - 90 = 0. What is the greatest common divisor of u and 36?
18
Let n be (-418)/(-8) + (-2)/8. Let l be -27*5/((-60)/n). What is the greatest common divisor of l and 13?
13
Suppose -10 = -3*m + 2*y, 3*m = 3*y - 8 + 23. Suppose k - 3*f = -0*f + 5, k - 5*f - 1 = m. Calculate the highest common divisor of k and 77.
11
Let u = 200 - 123. Calculate the highest common factor of u and 7.
7
Let k = -323 - -461. Suppose k = r + r. What is the greatest common divisor of 23 and r?
23
Suppose -2*c + 3*z + 99 = 0, -3*z = -3*c - 2*c + 243. Calculate the greatest common factor of 16 and c.
16
Let u = -17 + 43. What is the highest common divisor of 26 and u?
26
Let q = 37 + 83. Let t be 20 + 2/1*15/(-6). What is the greatest common factor of t and q?
15
Suppose -2*z + 465 = 3*z + 5*t, 4*t = 8. What is the greatest common factor of z and 13?
13
Suppose 2*a + a + 3*o + 12 = 0, -4*o - 16 = 0. Suppose 0*z - 3*z + 36 = a. Let m = 106 + -10. Calculate the greatest common divisor of z and m.
12
Let p(w) = 0*w**3 + 4*w + 4*w**2 - 9*w**2 + w**3. Let f be p(4). Suppose -2*c + f*c + 30 = 0. What is the greatest common divisor of 5 and c?
5
Let m(v) = -2*v - 6. Let c be m(6). Suppose -5*s = 5*u + 9 + 36, 0 = -s + 5*u + 21. Let w = s - c. What is the greatest common factor of w and 42?
14
Let p(q) be the third derivative of q**4/24 - q**3 - 4*q**2. Let v be p(7). Calculate the greatest common factor of v and 5.
1
Suppose 3*s - 34 = -2*c, -3*c = -4*c + 2. What is the highest common divisor of 20 an